2?
True
Is 4990 a multiple of 25?
False
Does 7 divide 164?
False
Does 175 divide 5486?
False
Does 20 divide 82007?
False
Is 3575 a multiple of 143?
True
Is 1056 a multiple of 6?
True
Is 9882 a multiple of 122?
True
Does 243 divide 9963?
True
Is 182 a multiple of 14?
True
Is 23 a factor of 880?
False
Does 10 divide 2162?
False
Is 46 a factor of 2024?
True
Is 7300 a multiple of 83?
False
Does 4 divide 1416?
True
Is 124 a factor of 27404?
True
Is 51 a factor of 714?
True
Does 21 divide 10051?
False
Does 6 divide 172?
False
Does 81 divide 11981?
False
Is 30 a factor of 48481?
False
Is 20 a factor of 698?
False
Is 3064 a multiple of 4?
True
Is 125 a multiple of 17?
False
Is 26 a factor of 2314?
True
Is 16416 a multiple of 68?
False
Does 69 divide 1656?
True
Is 8562 a multiple of 6?
True
Is 18 a factor of 11673?
False
Is 30 a factor of 22560?
True
Is 9240 a multiple of 11?
True
Does 8 divide 1736?
True
Is 40 a factor of 558?
False
Is 28 a factor of 477?
False
Is 10104 a multiple of 12?
True
Does 4 divide 120?
True
Does 121 divide 62343?
False
Is 15 a factor of 6120?
True
Is 982 a multiple of 12?
False
Is 96 a factor of 30488?
False
Is 9717 a multiple of 22?
False
Does 13 divide 455?
True
Does 111 divide 5776?
False
Does 7 divide 1519?
True
Is 2 a factor of 989?
False
Is 7 a factor of 49?
True
Is 23400 a multiple of 4?
True
Is 11 a factor of 1386?
True
Is 50274 a multiple of 21?
True
Does 11 divide 26312?
True
Does 54 divide 9105?
False
Does 32 divide 5337?
False
Is 33163 a multiple of 38?
False
Does 8 divide 3240?
True
Is 2 a factor of 5826?
True
Is 96250 a multiple of 14?
True
Is 975 a multiple of 195?
True
Does 12 divide 5208?
True
Does 64 divide 2969?
False
Does 7 divide 19290?
False
Is 16359 a multiple of 3?
True
Is 7 a factor of 912?
False
Does 42 divide 1512?
True
Is 5866 a multiple of 8?
False
Is 31 a factor of 2884?
False
Does 6 divide 1422?
True
Is 7884 a multiple of 12?
True
Is 41 a factor of 2488?
False
Is 23550 a multiple of 157?
True
Is 3 a factor of 65?
False
Is 514 a multiple of 10?
False
Is 24 a factor of 7255?
False
Does 13 divide 189?
False
Is 108 a factor of 44809?
False
Is 5 a factor of 542?
False
Is 768 a multiple of 64?
True
Is 91 a factor of 13713?
False
Is 105 even?
False
Does 38 divide 494?
True
Is 477 a multiple of 14?
False
Is 29 a factor of 22823?
True
Does 75 divide 7350?
True
Does 6 divide 579?
False
Does 11 divide 900?
False
Is 332 a multiple of 12?
False
Does 16 divide 595?
False
Is 766 a multiple of 181?
False
Is 6210 a multiple of 361?
False
Is 768 even?
True
Is 126 a multiple of 6?
True
Is 1176 a multiple of 49?
True
Is 603 a multiple of 2?
False
Is 4 a factor of 101?
False
Is 7 a factor of 7318?
False
Is 12 a factor of 46600?
False
Is 7 a factor of 20199?
False
Is 58 a factor of 22330?
True
Is 57970 a multiple of 170?
True
Does 16 divide 3584?
True
Is 30702 a multiple of 44?
False
Is 149 even?
False
Is 63956 a multiple of 24?
False
Is 15004 a multiple of 116?
False
Is 12 a factor of 1000?
False
Is 129 a factor of 26961?
True
Is 25221 a multiple of 87?
False
Is 1160 a multiple of 4?
True
Is 5480 a multiple of 10?
True
Is 15 a factor of 61240?
False
Is 2 a factor of 3980?
True
Is 1478 a multiple of 157?
False
Is 264 a multiple of 44?
True
Is 2 a factor of 413?
False
Is 86 a factor of 172?
True
Is 94 a factor of 5778?
False
Is 1054 a multiple of 34?
True
Does 8 divide 888?
True
Does 27 divide 671?
False
Does 4 divide 583?
False
Is 16 a multiple of 16?
True
Does 4 divide 4350?
False
Is 9 a factor of 28989?
True
Is 104 a factor of 8570?
False
Is 73 a factor of 3231?
False
Is 420 a multiple of 14?
True
Is 17 a factor of 26686?
False
Does 19 divide 1843?
True
Is 11 a factor of 187?
True
Is 35229 a multiple of 40?
False
Is 20 a factor of 501?
False
Is 21 a factor of 1806?
True
Does 23 divide 8326?
True
Is 2106 a multiple of 3?
True
Does 15 divide 2445?
True
Is 135 a multiple of 11?
False
Is 16627 a multiple of 5?
False
Is 31 a factor of 8091?
True
Is 50 a factor of 18300?
True
Is 632 a multiple of 23?
False
Is 756 a multiple of 97?
False
Is 24 a factor of 6006?
False
Is 5244 a multiple of 69?
True
Is 5655 a multiple of 6?
False
Is 13 a factor of 33?
False
Does 161 divide 105294?
True
Is 731 a multiple of 94?
False
Is 19 a factor of 6118?
True
Does 75 divide 1875?
True
Is 7 a factor of 2023?
True
Is 166 a multiple of 19?
False
Is 126 a factor of 4032?
True
Is 38860 a multiple of 20?
True
Does 35 divide 3850?
True
Is 12586 a multiple of 23?
False
Is 23 a factor of 6216?
False
Is 99 a factor of 8990?
False
Is 2251 a multiple of 34?
False
Is 111 even?
False
Is 809 a multiple of 50?
False
Does 28 divide 31622?
False
Is 2592 a multiple of 18?
True
Is 46 a factor of 368?
True
Is 11 a factor of 55?
True
Does 48 divide 1104?
True
Does 11 divide 143?
True
Does 11 divide 4785?
True
Does 12 divide 1048?
False
Is 12 a factor of 2292?
True
Does 24 divide 2424?
True
Is 3004 a multiple of 23?
False
Is 9 a factor of 7838?
False
Is 127 a multiple of 15?
False
Is 8316 a multiple of 4?
True
Does 11 divide 2100?
False
Is 11 a factor of 15782?
False
Does 11 divide 231?
True
Does 4 divide 3362?
False
Is 15 a factor of 975?
True
Is 3 a factor of 32976?
True
Is 4 a factor of 488?
True
Does 16 divide 3185?
False
Is 50 a factor of 2098?
False
Is 9 a factor of 3483?
True
Is 31871 a multiple of 29?
True
Is 3 a factor of 81?
True
Is 2384 a multiple of 16?
True
Is 1256 a multiple of 40?
False
Is 1480 a multiple of 7?
False
Is 5291 a multiple of 28?
False
Does 5 divide 905?
True
Is 98 a factor of 686?
True
Is 43 a factor of 13585?
False
Does 56 divide 3611?
False
Does 7 divide 342?
False
Is 16 a factor of 109?
False
Does 16 divide 37778?
False
Is 16575 a multiple of 13?
True
Is 22 a factor of 2573?
False
Is 310 a multiple of 8?
False
Is 765 a multiple of 45?
True
Is 426 a multiple of 9?
False
Does 5 divide 1455?
True
Is 149 a factor of 36419?
False
Is 69 a factor of 2197?
False
Is 14052 a multiple of 2?
True
Is 4 a factor of 207?
False
Does 33 divide 486?
False
Does 2 divide 77?
False
Is 5890 a multiple of 95?
True
Is 56351 a multiple of 37?
True
Does 13 divide 679?
False
Does 34 divide 13221?
False
Is 4397 a multiple of 30?
False
Is 51 a factor of 6579?
True
Is 6045 a multiple of 13?
True
Is 19 a factor of 1354?
False
Is 28 a factor of 364?
True
Is 102 a factor of 5812?
False
Does 71 divide 15833?
True
Is 25365 a multiple of 95?
True
Is 14 a factor of 1596?
True
Is 1748 a multiple of 5?
False
Is 9 a factor of 45018?
True
Is 92 a multiple of 23?
True
Is 17110 a multiple of 145?
True
Does 33 divide 125169?
True
Does 7 divide 6832?
True
Does 5 divide 628?
False
Is 33 a factor of 1866?
False
Is 45 a factor of 18643?
False
Does 10 divide 15993?
False
Is 20348 a multiple of 92?
False
Does 13 divide 3081?
True
Is 4 a factor of 65?
False
Is 13 a factor of 5395?
True
Is 9 a factor of 1881?
True
Does 21 divide 12831?
True
Does 13 divide 1271?
False
Does 44 divide 37312?
True
Is 29 a factor of 31355?
False
Is 71 a factor of 4014?
False
Is 19807 a multiple of 29?
True
Is 1284 a multiple of 20?
False
Does 196 divide 11564?
True
Does 14 divide 34003?
False
Is 330 a multiple of 5?
True
Is 124 a factor of 6500?
False
Does 9 divide 99?
True
Is 115 a factor of 1610?
True
Does 2 divide 393?
False
Is 7 a factor of 8193?
False
Is 21 a factor of 1155?
True
Does 6 divide 745?
False
Does 74 divide 9176?
True
Does 6 divide 4751?
False
Is 360 a multiple of 180?
True
Is 19397 a multiple of 17?
True
Is 10 a factor of 142?
False
Does 23 divide 5685?
False
Does 11 divide 116?
False
Is 24682 a multiple of 9?
False
Is 132 a factor of 4752?
True
Does 53 divide 632?
False
Is 29 a multiple of 18?
False
Is 46 a factor of 38909?
False
Is 18 a factor of 4122?
True
Is 60 a multiple of 6?
True
Is 2189 a multiple of 2?
False
Is 13984 a multiple of 19?
True
Does 239 divide 22626?
False
Is 41286 a multiple of 21?
True
Does 16 divide 112?
True
Is 8676 a multiple of 4?
True
Is 48142 a multiple of 21?
False
Is 52233 a multiple of 119?
False
Is 18 a factor of 7254?
True
Does 3 divide 11163?
True
Does 17 divide 60707?
True
Is 6480 a multiple of 48?
True
Is 222 a multiple of 52?
False
Is 29 a factor of 1942?
False
Is 3 a factor of 82?
False
Is 726 a multiple of 3?
True
Is 1054 a multiple of 11?
